ainder when 183664 is divided by 7026?
988
Calculate the remainder when 26537 is divided by 8508.
1013
What is the remainder when 39891782 is divided by 19945834?
114
Calculate the remainder when 396424 is divided by 499.
218
What is the remainder when 3182201 is divided by 12678?
23
What is the remainder when 3216812 is divided by 19?
17
What is the remainder when 188049 is divided by 26415?
3144
Calculate the remainder when 12691 is divided by 1338.
649
What is the remainder when 9956326 is divided by 535?
511
What is the remainder when 2751610 is divided by 26?
4
Calculate the remainder when 2896580 is divided by 724090.
220
What is the remainder when 303819 is divided by 364?
243
What is the remainder when 69478199 is divided by 145?
144
What is the remainder when 743764 is divided by 21875?
14
What is the remainder when 4380005 is divided by 485?
455
What is the remainder when 16230450 is divided by 828?
822
What is the remainder when 304508 is divided by 322?
218
Calculate the remainder when 498808 is divided by 71257.
9
What is the remainder when 633364 is divided by 4523?
144
What is the remainder when 5053098 is divided by 3831?
9
What is the remainder when 178720 is divided by 114?
82
Calculate the remainder when 399307 is divided by 2235.
1477
Calculate the remainder when 277486 is divided by 92166.
988
Calculate the remainder when 481383 is divided by 1221.
309
What is the remainder when 2533980 is divided by 32?
28
What is the remainder when 74076 is divided by 3474?
1122
What is the remainder when 3171425 is divided by 2706?
2699
What is the remainder when 3360694 is divided by 5092?
5066
Calculate the remainder when 15186233 is divided by 7.
6
What is the remainder when 2686165 is divided by 99?
97
What is the remainder when 120227044 is divided by 303?
280
What is the remainder when 3085706 is divided by 2289?
134
What is the remainder when 624596 is divided by 723?
647
What is the remainder when 45924644 is divided by 2186887?
17
What is the remainder when 796617 is divided by 2482?
2377
What is the remainder when 43862 is divided by 21348?
1166
Calculate the remainder when 848085 is divided by 43.
39
Calculate the remainder when 23029 is divided by 1259.
367
What is the remainder when 51277 is divided by 24611?
2055
What is the remainder when 1868942 is divided by 177?
176
Calculate the remainder when 50616538 is divided by 159.
1
What is the remainder when 329757 is divided by 126?
15
Calculate the remainder when 143643 is divided by 1260.
3
Calculate the remainder when 47495 is divided by 565.
35
What is the remainder when 270249708 is divided by 7242?
7236
What is the remainder when 184370 is divided by 183407?
963
What is the remainder when 885804 is divided by 32792?
420
Calculate the remainder when 122516 is divided by 2801.
2073
Calculate the remainder when 1911306 is divided by 955638.
30
Calculate the remainder when 135766048 is divided by 1505.
1503
Calculate the remainder when 1726829 is divided by 33858.
71
Calculate the remainder when 1180529 is divided by 390.
389
Calculate the remainder when 20669316 is divided by 2027.
2024
What is the remainder when 25762889 is divided by 1069?
1058
Calculate the remainder when 5281558 is divided by 882.
142
Calculate the remainder when 955196 is divided by 1323.
1313
What is the remainder when 11318999 is divided by 1029?
1028
Calculate the remainder when 16768648 is divided by 8418.
8410
Calculate the remainder when 10180040 is divided by 123.
68
Calculate the remainder when 3059677 is divided by 437071.
180
What is the remainder when 109467 is divided by 21799?
472
What is the remainder when 14966329 is divided by 23569?
14
What is the remainder when 356000 is divided by 1044?
1040
What is the remainder when 196871 is divided by 16405?
11
What is the remainder when 52137098 is divided by 407?
398
Calculate the remainder when 189726 is divided by 400.
126
Calculate the remainder when 4437137 is divided by 161.
138
What is the remainder when 998859 is divided by 1202?
1199
Calculate the remainder when 4166613 is divided by 470.
63
What is the remainder when 8277886 is divided by 36?
10
What is the remainder when 1776690 is divided by 346?
326
Calculate the remainder when 94392 is divided by 29731.
5199
Calculate the remainder when 17835620 is divided by 27.
14
Calculate the remainder when 455607 is divided by 280.
47
Calculate the remainder when 884336 is divided by 328.
48
Calculate the remainder when 184187 is divided by 5573.
278
What is the remainder when 5185883 is divided by 132?
131
What is the remainder when 3347900 is divided by 1225?
1200
Calculate the remainder when 1416465 is divided by 156.
141
Calculate the remainder when 466034 is divided by 764.
758
What is the remainder when 596930 is divided by 144?
50
What is the remainder when 3150758 is divided by 1050237?
47
What is the remainder when 7929772 is divided by 360436?
180
Calculate the remainder when 540528 is divided by 311.
10
What is the remainder when 4341479 is divided by 109?
9
Calculate the remainder when 78534 is divided by 3707.
687
What is the remainder when 453069587 is divided by 151023191?
14
What is the remainder when 628864 is divided by 321?
25
Calculate the remainder when 381590371 is divided by 127196786.
13
Calculate the remainder when 55002 is divided by 668.
226
What is the remainder when 10969690 is divided by 60273?
4
What is the remainder when 19406616 is divided by 4851653?
4
What is the remainder when 7335072 is divided by 621?
441
What is the remainder when 65363549 is divided by 14?
13
Calculate the remainder when 32593672 is divided by 283.
279
What is the remainder when 754192 is divided by 869?
769
Calculate the remainder when 5946245 is divided by 710.
705
Calculate the remainder when 428604 is divided by 122.
18
Calculate the remainder when 268911 is divided by 38388.
195
Calculate the remainder when 1112941 is divided by 147.
4
Calculate the remainder when 96133 is divided by 6930.
6043
Calculate the remainder when 125384 is divided by 17823.
623
What is the remainder when 1271371 is divided by 4323?
409
Calculate the remainder when 3175092 is divided by 533.
11
What is the remainder when 4066745 is divided by 90?
5
What is the remainder when 249627 is divided by 17815?
217
Calculate the remainder when 6619702 is divided by 5629.
5627
Calculate the remainder when 384287 is divided by 926.
923
Calculate the remainder when 735661 is divided by 81730.
91
What is the remainder when 32443518 is divided by 227?
224
What is the remainder when 3806628263 is divided by 54?
53
What is the remainder when 74007310 is divided by 691657?
11
What is the remainder when 637205 is divided by 318582?
41
What is the remainder when 553340 is divided by 1667?
1563
What is the remainder when 11642 is divided by 5685?
272
Calculate the remainder when 1944200 is divided by 388831.
45
Calculate the remainder when 1859702 is divided by 3152.
22
Calculate the remainder when 4647603 is divided by 202.
189
What is the remainder when 390222 is divided by 5568?
462
Calculate the remainder when 98405 is divided by 578.
145
Calculate the remainder when 134589 is divided by 18969.
1806
What is the remainder when 78145 is divided by 2902?
2693
Calculate the remainder when 77418 is divided by 4300.
18
Calculate the remainder when 543516 is divided by 8.
4
Calculate the remainder when 3573917 is divided by 510549.
74
What is the remainder when 6075944 is divided by 90?
44
What is the remainder when 3637620 is divided by 2282?
112
What is the remainder when 78262 is divided by 38448?
1366
Calculate the remainder when 18558602 is divided by 31.
18
Calculate the remainder when 31940775 is divided by 451.
53
Calculate the remainder when 24185 is divided by 2550.
1235
What is the remainder when 10027 is divided by 499?
47
Calculate the remainder when 7097165 is divided by 215.
15
Calculate the remainder when 1425565 is divided by 203652.
1
What is the remainder when 7734203 is divided by 6212?
263
What is the remainder when 231620 is divided by 163?
160
Calculate the remainder when 13244818 is divided by 44445.
208
Calculate the remainder when 501185 is divided by 8945.
265
Calculate the remainder when 207662 i